Give z(-5).
69
Suppose 0 = 5*m + 97 + 163. Let n(o) = -2*o**2 - 106*o - 100. Determine n(m).
4
Let z(y) be the first derivative of -y**2/2 + y + 2. Suppose -3*h - 4*d = -12, -d = 2*h - 6*d - 8. Let o be h/14 - 4/((-140)/95). What is z(o)?
-2
Let d(w) = w**3 - 3*w**2 - 27*w + 12. Let r be d(8). Let s(b) = -39 - 41 - 40 + 7*b + r. Let k be 20/6 + (-1)/3. Give s(k).
17
Suppose 2*c = 3*w - 4*w + 52, -76 = -3*c - 2*w. Let p be -3 + 14*((-20)/c + 1). Let d(l) be the third derivative of -l**4/8 - 2*l**2. Determine d(p).
-3
Let z(f) = 12*f. Suppose 0 = -3*n + a + 112, -3*a + a = -3*n + 116. Suppose -9*c + n = 45. Calculate z(c).
-12
Let y(z) = z**3 - 7*z**2 + 11*z - 4. Suppose 6 = -3*a, 3*s - 6*a + 10*a = 37. Let j be s/(-30) + 11/2. Determine y(j).
1
Let k(f) = -3*f - 9. Suppose -6 = -3*g + 4*l, -3*g + l + 56 = 41. Suppose -5*s + 5 = 3*p + 20, 4*s = -6*p + g. What is k(s)?
9
Let w(d) = -12*d**2 - d + 2. Let x(r) = r**2 + 22*r + 94. Let m be x(-6). What is w(m)?
-44
Let i be 56*(0 + (1 - 3)). Let m be ((-86)/(-14) - 1)/((-16)/i). Let z = m + -30. Let k(b) = b**3 - 6*b**2 + 2*b - 5. Calculate k(z).
7
Let r be (9/6)/(21/(-14)). Let a(s) = -19*s**2 + 2. Calculate a(r).
-17
Let a(v) = -4*v + 10. Let h(z) = 3*z - 7. Let b(t) = 2*a(t) + 3*h(t). Let c(y) = -5*y + 8. Let g(o) = -9*b(o) - 2*c(o). Give g(4).
-3
Let j(u) = 3*u + 4*u + 2 - 3. Let y = -46564 - -46561. Give j(y).
-22
Let v(f) = -15*f + 85. Let p(y) = -50*y + 284. Let m(d) = 8*p(d) - 27*v(d). Calculate m(12).
37
Let z(s) = 106*s**3 - 4*s**2 - 11*s + 9. Let n(y) = 60*y**3 - 2*y**2 - 6*y + 5. Let w(o) = 7*n(o) - 4*z(o). Determine w(2).
-21
Suppose -4 = 2*u + 30. Let c be 0/(-3) - (u + (-3 - -1)). Let v(f) = c + 5*f**3 - 21 + f - 4*f**3 + 6*f**2. Give v(-6).
-8
Let p(b) be the first derivative of b**2/2 + 5*b + 419. Let u = 44 + -19. Suppose 7*x - u = -3*s + 2*x, 5*x - 25 = 5*s. What is p(s)?
5
Let f(r) = -r - 7. Let m = -54 - -21. Let z be ((-20)/3)/4*m. Let c be z/44*1/(1/(-4)). Calculate f(c).
-2
Let k = -3595 + 10786/3. Let s(d) be the first derivative of -k*d**3 - 26 + 12*d + 1/2*d**2 - 1/4*d**4. Determine s(0).
12
Let z be ((-20)/(-15) - 3)/((-35)/882). Let u(i) = 10*i - 38 + z + i**3 - 11*i**2 - 9. Let d(y) = y**2 - 3*y. Let s be d(5). Give u(s).
-5
Let f(n) = -6*n**2 - 19*n - 41. Let v(b) be the second derivative of b**4/12 + b**3/6 + 5*b**2/2 + 231*b. Let w(m) = f(m) + 5*v(m). Calculate w(-11).
17
Let w(i) = -3*i**3 - 5*i**2 + 3*i + 1. Let k be 2/(-9)*((-162)/18 + 18). What is w(k)?
-1
Let o(b) = -6*b**2 + 74*b - 16. Let j(i) = 2*i**2 - i + 2. Let z(h) = 4*j(h) + o(h). Calculate z(-35).
-8
Let r(l) be the second derivative of l**3/3 - 19*l**2/2 - 3709*l. What is r(16)?
13
Let v(z) = 4*z**2 + 2*z + 1. Suppose -4*n - 4*n = -0*n. Suppose n = -32*q + 27*q - 5. What is v(q)?
3
Let a(w) = -w - 11. Let b(q) = 8*q**2 - 1. Let k be b(-1). Let f(z) = z - 1 - 8*z**2 + 0*z**3 + k*z**2 - z**3. Let i be f(2). Give a(i).
0
Let k(m) = 3*m - 5. Suppose -21*y = 24*y + 360. Let x be (-47 + 51)/(y/(-10)). Give k(x).
10
Let t(j) = j**3 - 4*j**2 + j + 1. Let o = -20 - -20. Suppose -5*d + 2*y + 14 = o, 5 + 4 = 3*y. Suppose -g - 5*l = -l - d, g = 5*l + 4. Give t(g).
5
Suppose w = 13*w - 264. Let g = w + -2. Let d(a) = g*a - 1 - 40*a + 22*a. Determine d(5).
9
Let q(n) = -8 + 8290*n - 4146*n - 4151*n. What is q(-4)?
20
Suppose -21*x = 332 - 227. Let l(j) = -j**3 - 5*j**2 - 10*j - 7. Determine l(x).
43
Let v(f) = 9*f - 35. Suppose 46512*s = 46521*s - 90. Determine v(s).
55
Let l be (-23)/6 - ((-225)/(-54) - 4). Let k(n) = -n**2 - 3*n - 12. Determine k(l).
-16
Let b = 2 + -1. Let x(y) = 4*y - y - b + y. Let f = 565 + -563. Give x(f).
7
Let t(a) be the second derivative of 4*a**2 - 2/3*a**4 + 2 + 3/2*a**3 + 39*a - 1/20*a**5. Give t(-9).
8
Let g(b) = 4*b**2 - 6*b + 256*b**3 - b - 499*b**3 + 244*b**3 - 28. Give g(-6).
-58
Let j(w) = -159*w - 7. Let p(r) = 68*r + 4. Let g(a) = 3*j(a) + 7*p(a). What is g(7)?
0
Let f(a) be the third derivative of a**6/120 - a**5/12 - a**4/8 + 13*a**3/6 - 4*a**2 - 31*a + 1. Determine f(6).
31
Let s(z) = 6277*z + 2*z**2 - 6265*z - 20 + 4. Determine s(-7).
-2
Let h = -96 + 93. Suppose -3*d - 3 = -4*d. Let a(n) = 6*n + d*n - 7*n. Determine a(h).
-6
Suppose -30*b = 3*m - 33*b + 48, -2*m - 41 = -5*b. Let a(z) = -z**2 - 6*z + 35. What is a(m)?
-56
Let m(q) = -q**2 + 20*q - 80. Let g be m(7). Suppose -22*s = -11*s + g. Let h(t) = 2 - 2*t - 3 - 4*t. Calculate h(s).
5
Suppose 230*w - 2*a - 6 = 234*w, 6 = w + 2*a. Let r(n) = -33*n - 5. Give r(w).
127
Suppose -119*w - 498 = -22. Let l(j) = j**3 + 2*j**2 - j. Calculate l(w).
-28
Let j(k) be the third derivative of 0*k - 5/6*k**3 + 1/24*k**4 + 0 + 1/60*k**5 - 38*k**2. Suppose 9*d - 16 = 5*d. Determine j(d).
15
Let l(v) = v**2 - 3*v - 2. Let h be (-144)/252*(-77)/(-2). Let d(p) = p**2 - 3*p - 3. Let i be d(-4). Let t = i + h. Calculate l(t).
-2
Let x be (0 - 1)/(3/6). Let a be (-2)/3*(-54)/12. Let o(b) = 4*b**2 - 2*b**3 + 0*b**a + b + 2*b + b**3. What is o(x)?
18
Let x(b) = 8*b + 216. Let i be x(-27). Let g(z) = i + 33*z - 2 + 42*z - 81*z. What is g(-4)?
22
Let g(x) be the third derivative of x**6/120 - x**5/5 + 5*x**4/6 - 13*x**3/6 - 2327*x**2. Determine g(10).
-13
Let m(b) = 1755*b - 2742. Let p(t) = -129*t + 211. Let r(o) = -4*m(o) - 54*p(o). What is r(-8)?
6
Let k be 2*(-1)/(-2) - (-497)/71. Let b(t) = 3*t**2 + 0*t - k*t + 6*t - 2*t**2 - 2*t. What is b(4)?
0
Let c(v) = -3*v - 10. Let n be 10 + 1*6/6. Suppose n + 49 = -20*x. Calculate c(x).
-1
Let i(p) = 284*p**3 + p**2 + 34*p - 2. Let o(u) = -155*u**3 - 17*u + 1. Let d(s) = -6*i(s) - 11*o(s). Determine d(8).
-7
Let s = -17 + 29. Let x(t) = t**3 - 13*t**2 + 12*t + 3. Let h be x(s). Let m(v) = 2 - 2 - v + 8 - h. Calculate m(9).
-4
Let n(x) = 4*x + 1077 - 537 - 544 + x**2. Suppose -3*p - r = -7*p + 43, 2*r - 4 = -p. Let f = p + -13. Determine n(f).
-7
Let i(h) = -h - 23. Let c = 9357 + -9385. Calculate i(c).
5
Let q be (-625)/35 - 6/42. Let v(n) = n**3 + 16*n**2 - 37*n - 16. What is v(q)?
2
Let u(r) = -3674*r - 40 + 7365*r - 3695*r. Give u(-10).
0
Let h(t) be the second derivative of t**2 + 0 + 0*t**3 - 1/12*t**4 + 89*t. Calculate h(4).
-14
Let g(u) = -82 - 8*u - 43 - 13*u + 2*u. Let a be g(-7). Let q(w) = w**2 - 7*w - 3. Give q(a).
5
Let r(p) = -2*p**2 + 54*p - 42. Suppose 32 = -337*m + 338*m - 2*v, 5*m - 2*v = 136. Give r(m).
10
Let a = 306 + -130. Let s = -182 + a. Let n(b) = -4*b - 1. Determine n(s).
23
Let q be -107*3/(-15) + (-15)/(-25). Let k(h) = h**3 - 23*h**2 + 24*h - 32. What is k(q)?
12
Let f be (-165)/(-550) - 6*63/60. Let j(n) = n**3 + 7*n**2 + 6*n + 3. Calculate j(f).
3
Let v(d) = d**2 - 3*d + 30. Let u be -5 + 12*(-24)/(-32). Determine v(u).
34
Let k(g) = 1536 - 5*g - 1540 + 3*g. Suppose -3 = -3*l + h, -2*l + 4*h - 6 = 2. Let t = l - -1. Determine k(t).
-10
Let o = 277 + -277. Let w be o/(-2) - (18 - 20). Let b(a) = -a + 4. Calculate b(w).
2
Let g(r) = 14*r - 26*r**2 + 23*r**2 - 56 + 15 + 0*r + 27. Determine g(8).
-94
Let n(a) = -4*a. Suppose 13 = f + 5*r, 0*r - 9 = -f - r. Let y(l) = l. Let k(s) = -34*s - 982. Let p be k(-29). Let x(i) = f*y(i) + p*n(i). What is x(2)?
-16
Let y be -3*5*(-12)/36. Let k be -2 - ((-4)/y)/(11/55). Let f(n) = 2*n**3 - 4*n**2 + 3*n - 2. What is f(k)?
4
Suppose 4*c - 3*z = 41 + 12, -z = 4*c - 41. Suppose -c = g - 13. Let s(n) = 4*n + 0 - 2 - g. What is s(4)?
12
Let h(o) = 7*o - 53. Let w be h(10). Suppose -7*b + w + 25 = 0. Let r(i) = i**3 - 6*i**2 + i + 7. What is r(b)?
13
Let k = -276 - -285. Let m(i) = 14*i - k*i - 4*i + 0*i - 9*i. Give m(2).
-16
Let l(r) = -r**2 - 8*r + 39 + 3*r - 72 - 2*r. Calculate l(-8).
-41
Let g = -4608 - -4609. Let p(s) = -97*s**3 + s**2 - 3*s + 1. Calculate p(g).
-98
Let t(w) = -w**2 - 4*w + 7. Let l(o) = -9*o - 18. Let g be l(-7). Let b be g + 8/((-16)/(-6)). Let y = b + -54. Determine t(y).
-5
Let j(i) be the third derivative of 1/3*i**3 - 1/60*i**5 + 22*i**2 + 0*i + 0 + 1/8*i**4. Calculate j(5).
-8
Let v(j) = 2*j**2 - 2*j + 27. Suppose -3*x + 2*x = -23*x. What is v(x)?
27
Let a(q) = -q**2 + 39*q - 375. Let o be a(22). Let s(i) = 6*i + 14. Give s(o).
8
Let y(m) be the first derivative of 7*m**3/3 + m**2/2 + 513. Let c = 19 + -20. What is y(c)?
6
Let j(l) be the third derivative of -l**5/60 + l**4 - l**3/2 + 3876*l**2. Give j(24).